33) + 0 is divided by 15.
14
Let t(b) = -14*b + 3. Suppose -14*m + 329 + 105 = 0. What is the remainder when m is divided by t(-1)?
14
Let j = -10 + 56. Let v(k) = k**2 - 1. What is the remainder when j is divided by v(5)?
22
Suppose -6*b + 22 = -8. Suppose 3*t - 17 = -b*u + 14, 3*t + 14 = 4*u. What is the remainder when 4 is divided by t?
0
Let d(h) = h**3 - 4*h**2 + 5*h. Let b = -255 + 272. What is the remainder when d(5) is divided by b?
16
What is the remainder when (-42)/(-28)*-1 + (-67)/(-2) is divided by 12?
8
Suppose -4*f + 12 = 3*o - 9*f, -12 = -2*o + 2*f. What is the remainder when 165 is divided by o?
3
Let u = 10 + -6. Suppose 5*r - 36 = -2*y, -u*y + 72 = -r - 3*r. Calculate the remainder when 47 is divided by y.
11
Calculate the remainder when 2*(-36)/(-48)*106 is divided by 36.
15
Let p(u) = 3*u**3 - 36*u**2 + 6*u + 7. What is the remainder when 81 is divided by p(12)?
2
Suppose 215*x - 280 = 208*x. What is the remainder when x is divided by 22?
18
Suppose -9*v = -5*v - 348. Let g = v - 38. Suppose 4*k - 3*p = 64, 5*k - 2*p + 6*p - g = 0. What is the remainder when 63 is divided by k?
11
Suppose -10*h - 6*h = -288. What is the remainder when 179 is divided by h?
17
Suppose 0 = -c + 5 - 0. Suppose -q + 5*y + 9 = 0, 0*y = -c*q + 3*y + 155. What is the remainder when 135 is divided by q?
33
Let o(h) = 2*h**2 + 4*h + 9. Calculate the remainder when 28 is divided by o(-3).
13
Let l = 383 - 325. Let s(u) = 6*u**2 - u + 7. What is the remainder when s(-6) is divided by l?
55
Let z = 721 + -718. What is the remainder when 105 is divided by z?
0
Suppose -4*j - 4*q + 36 = 0, -2*j - q + 17 = -0*q. Let b(n) = -n + 19. What is the remainder when b(j) is divided by 6?
5
What is the remainder when 155 is divided by (-60)/8*208/(-40)?
38
Suppose -s + w + 5 = 0, -4*s - w + 22 = 2. Let p = s - 2. Suppose -3 + 15 = 5*j - p*f, -f = j - 4. What is the remainder when j is divided by 2?
1
Let t(d) = 54*d + 44. Suppose 3*w - 7*w + 688 = 0. What is the remainder when w is divided by t(0)?
40
Let n be (8/(-6))/1*3. Calculate the remainder when -1 - n - (3 + -2) is divided by (-16)/(-4)*2/4.
0
Suppose -11*l + 16 = -9*l. Suppose 39 = m + l. What is the remainder when m is divided by 2 + 0/1 + 6?
7
What is the remainder when 120 is divided by 36/198 - 678/(-22)?
27
Let x(t) be the second derivative of 5*t**4/6 + t**3/6 - t**2/2 - 76*t. Let a be 2/9 + (-7)/(-9). Calculate the remainder when 27 is divided by x(a).
7
Let l be (-3 - -6) + -2 - 10. Let w = l + 27. What is the remainder when 52 is divided by w?
16
What is the remainder when (-6)/(36/1074)*(-2 - -1) is divided by 45?
44
Suppose -4*u - 4*o = o - 217, 5*o = 25. Let q(l) = l**2 - 4*l - 2. What is the remainder when u is divided by q(6)?
8
Suppose -4*d + 5*d = -l, d = -5. Suppose 4*y - k = 153, 2*y = 3*y + l*k - 54. Calculate the remainder when 76 is divided by y.
37
Suppose 16*z + 19*z - 630 = 0. What is the remainder when 114 is divided by z?
6
Suppose 6*u - 4*u - 178 = -5*i, 5*i + u - 179 = 0. What is the remainder when i is divided by 13?
10
Let a(p) = 5*p + 91. Let o(m) = 6*m**2 - m + 1. Let n be o(1). Suppose q - n*q + j = -150, -3*q = -j - 88. What is the remainder when q is divided by a(-16)?
9
Let u = -14 + 41. Let m = 102 + 3. Calculate the remainder when m is divided by u.
24
Let m = 41 + -37. What is the remainder when m/(-26) + (-5166)/(-117) is divided by 16?
12
Suppose 17*p = 6*p + 154. What is the remainder when 153 is divided by p?
13
Let y = 12 + -49. Let k = y - -53. What is the remainder when -3 - (-2 + -63 + 0) is divided by k?
14
Let u(x) = -x**3 + 2*x + 3. Let c be u(0). Let o = c - -7. Calculate the remainder when 59 is divided by o.
9
Let w = 185 - 153. Calculate the remainder when w is divided by 21.
11
Suppose 0*i + 371 = 3*t + 4*i, -4*i = -4*t + 504. Suppose 0*n + 5*n - t = 0. Calculate the remainder when n is divided by 14.
11
Suppose -775 = -191*x + 186*x. Let b = -131 + x. What is the remainder when 47 is divided by b?
23
Suppose -5*h + 10*h = -2*i + 210, 0 = 2*i. Let f = 69 - h. Suppose -l - 2*l + 21 = 0. Calculate the remainder when f is divided by l.
6
Suppose -3*c = 5*l - 356, -3*l - 3*c + 4*c = -222. What is the remainder when l is divided by 3?
1
Let l(u) be the first derivative of -2*u**2 + 2/3*u**3 + u + 6. Calculate the remainder when l(-4) is divided by 25.
24
Suppose 9*u - 1098 = 3*u. Suppose 3*f - u = 2*t, 0 = -7*f + 3*f + 3*t + 245. Calculate the remainder when f is divided by 15.
14
Let f(u) = u**2 + 4*u - 89. Let b be f(-12). Suppose 25 = b*z + 11. Suppose -3*g + 2*g = -7. Calculate the remainder when g is divided by z.
1
Suppose -l - 48 = 4*u - 5*l, 5*u + 64 = 3*l. Let d = -11 - u. Suppose 6 = 2*x - 5*x, 0 = -d*i + 5*x + 34. Calculate the remainder when 15 is divided by i.
7
Let t(p) = -p**3 + 13*p**2 - 18*p - 5. Calculate the remainder when t(11) is divided by 26.
13
Let y(w) = 3*w - 24. Let j be y(16). Let u be (-3)/4 - (-4602)/j. Let t = -124 + u. Calculate the remainder when t is divided by 23.
21
Let q = -62 - -90. Suppose -q = -4*o + 52. Let u(n) = -n**3 + 11*n**2 + 6*n - 7. What is the remainder when u(11) is divided by o?
19
Suppose 0 = 3*a + u - 187, a = 3*a - u - 123. What is the remainder when 67 is divided by a?
5
Let u(b) = 3*b**2 - 21*b - 7. Let j = -18 + 50. Calculate the remainder when j is divided by u(8).
15
Suppose 21*m - 16*m - 296 = -4*c, 3*c = -2*m + 222. Calculate the remainder when c is divided by 40.
34
Calculate the remainder when 3/(-9) + (10100/15)/4 is divided by 9.
6
Let p be 20*(0 + 2/4). Suppose 5*x + 7 = 6*o - 2*o, -4*o = -2*x - p. What is the remainder when 21 is divided by -22*(-4)/8*x?
10
Let m = 18 - 11. What is the remainder when 32 is divided by m?
4
Let t = 1341 + -882. Suppose t = 3*u + 96. Suppose -30*n - 99 = -1029. Calculate the remainder when u is divided by n.
28
Let p(z) = 7*z + 626. What is the remainder when p(55) is divided by 22?
21
Suppose 2*z + 4385 + 4487 = 0. What is the remainder when z/(-36) - (-6)/(-27) is divided by 31?
30
Let d = 44 + -188. Let g be 2/10 + d/(-30). Suppose 6*p - 2*p = 2*c + 36, -20 = -3*p + g*c. What is the remainder when 29 is divided by p?
9
Suppose 6*s + 269 = 2*s + 5*k, 0 = 2*s + 5*k + 127. What is the remainder when -3 + (98/(-21))/(2/s) is divided by 22?
19
Suppose 6*r = 3*r + 3. Calculate the remainder when 71 is divided by r/4*(1 + (99 - 0)).
21
Let q = 63 + -16. Calculate the remainder when 420 is divided by q.
44
Suppose 5*d - 3*s + 237 = 0, d - s = -2*s - 41. Let p(k) = 12*k + 8. Let a be p(5). Let u = a + d. What is the remainder when 68 is divided by u?
22
Calculate the remainder when 129 is divided by (-3)/(-4) - ((-2169)/36 - -12).
31
Suppose 4*s + l - 23 = 0, -3*s - l + 25 - 7 = 0. Calculate the remainder when 61 is divided by s.
1
Let c = 1173 - 1041. What is the remainder when c is divided by 17?
13
Let t be (-9)/((-4)/((-60)/3)). Let g = t + 130. What is the remainder when g is divided by 29?
27
Suppose 3*d - 53 = 4*d. Let p = d - -78. What is the remainder when p is divided by -5 + (0 - (2 - 14))?
4
Suppose -2*y - 17 = -x, 3*x + 10*y - 7*y - 51 = 0. What is the remainder when ((-48)/7)/(1/(-7)) is divided by x?
14
Let a(p) = 3*p - 6. Let b(y) = -108*y - 1488. Calculate the remainder when b(-14) is divided by a(5).
6
What is the remainder when 31 is divided by (4 - 129/(-8)) + (-1)/8?
11
Suppose 143*f - 819 = 130*f. Calculate the remainder when f is divided by 41.
22
Suppose 5*i + 179 = 3*j, -5*i + 2*i = -6. Let s(f) = -f**3 - 12*f**2 - 3*f - 14. Let d be (-2)/6 + 70/(-6). What is the remainder when j is divided by s(d)?
19
Let v be (-177)/9 + 2/(-6). What is the remainder when 88 is divided by 2*46*(-5)/v?
19
Let r = 0 + 0. What is the remainder when 20/(1 + r + 0) is divided by (24/(-84))/((-10)/385)?
9
What is the remainder when (144/(-120))/((-15)/5350) is divided by 144?
140
Let m(o) = -3*o + 1. Let y = -260 - -273. What is the remainder when y is divided by m(-1)?
1
Let k(j) = 382*j - 81. Calculate the remainder when k(3) is divided by 26.
25
Let b(w) = 2*w**2 - 3*w + 2. Let s(k) = -2*k**2 + 27*k + 11. Let l be s(14). Calculate the remainder when 114 is divided by b(l).
27
What is the remainder when 205 is divided by 4/14 - ((-18960)/(-56))/(-5)?
1
Su